NOAA-style Climate Reports

   V/Λ SELECT: Month and Year   OR  >   Month
                   Monthly Climatological Summary for Jan 2014

Name: Rjoanddalen   City: Mjølfjell   State: Voss
Elevation: 665 m  Lat: N 60° 41' 59"   Lon: E 006° 50' 40"

                  Temperature (°C), Rain (mm), Wind Speed (m/s)

                                      Heat  Cool        Avg
    Mean                              Deg   Deg         Wind                 Dom
Day Temp  High   Time   Low    Time   Days  Days  Rain  Speed High   Time    Dir
----------------------------------------------------------------------------------
01   1.5   2.7   01:24  -0.7   20:19  16.8   0.0   3.0  ----  11.4   10:39   SSE
02   1.6   2.7   23:59   0.1   08:22  16.7   0.0   0.0  ----  17.9   14:11   SSE
03   2.0   3.2   13:22   0.7   07:37  16.3   0.0   2.0  ----  17.3   15:08   SSE
04   1.5   2.1   17:10   0.8   13:30  16.8   0.0   1.0  ----  10.5   02:27   SSE
05   2.4   3.6   14:12   0.7   00:58  15.9   0.0   0.0  ----  21.2   10:42   SSE
06   0.9   3.3   23:27  -1.0   07:21  17.4   0.0   0.0  ----  23.8   07:18   SSE
07   2.0   3.4   00:02   1.0   16:35  16.3   0.0  13.7  ----  10.7   00:13   SSE
08   1.3   2.5   01:45  -0.1   22:36  17.0   0.0   4.3  ----   3.6   03:49     S
09  -0.9   1.0   12:07  -5.8   22:27  19.2   0.0   1.0  ----   3.4   12:23   NNW
10  -2.7   0.2   13:26  -6.2   03:11  21.0   0.0   0.0  ----   3.3   02:24    NW
11  -1.9   0.6   14:02  -4.2   23:11  20.2   0.0   0.0  ----   2.1   08:26   SSW
12 -10.6  -3.7   01:09 -16.8   22:47  28.9   0.0   0.0  ----   3.3   04:48     S
13  -9.8  -6.8   14:15 -16.6   00:00  28.1   0.0   0.0  ----   8.7   08:51   ESE
14  -7.5  -5.4   14:05 -12.1   22:47  25.8   0.0   0.0  ----   9.0   07:44   NNW
15  -6.6  -3.3   18:35 -11.5   02:40  24.9   0.0   0.0  ----   8.7   17:19   NNW
16  -4.5  -3.3   10:50  -6.4   23:57  22.8   0.0   0.0  ----  20.9   18:58     S
17  -6.2  -4.5   10:37  -7.4   13:33  24.5   0.0   0.0  ----  16.7   21:56   WNW
18  -6.8  -5.8   12:47  -7.6   04:38  25.1   0.0   0.0  ----  13.9   07:56     W
19  -5.8  -3.9   14:03  -6.8   03:12  24.1   0.0   0.0  ----  13.0   23:38   NNW
20  -5.4  -2.5   19:27  -7.2   23:47  23.7   0.0   0.0  ----  12.5   06:39    SW
21  -5.9  -1.9   11:12  -9.1   23:49  24.2   0.0   0.0  ----   6.6   16:49   WSW
22  -8.8  -5.9   13:57 -10.3   03:59  27.1   0.0   0.0  ----  12.0   23:20     S
23  -7.1  -5.8   11:28  -8.9   00:00  25.4   0.0   0.0  ----  12.7   00:47   SSE
24  -8.3  -6.3   11:13 -11.0   17:42  26.6   0.0   0.0  ----  11.8   12:11   SSE
25  -6.0  -4.6   17:04  -8.4   00:00  24.3   0.0   0.0  ----  17.7   11:22   SSE
26  -7.4  -4.2   02:41 -10.7   18:22  25.7   0.0   0.0  ----  14.8   18:22     S
27  -6.6  -4.9   22:32  -9.0   00:10  24.9   0.0   0.0  ----  15.2   16:07   WSW
28  -3.9  -2.0   12:09  -6.2   00:25  22.2   0.0   0.0  ----  16.9   08:41   WNW
29  -4.5  -1.1   02:25  -8.9   22:24  22.8   0.0   0.0  ----  12.2   04:50     W
30  -7.5  -6.1   13:00  -9.8   07:16  25.8   0.0   0.0  ----  10.5   05:43     S
31  -6.4  -4.7   20:24  -9.3   08:50  24.7   0.0   0.0  ----  11.2   19:19     E
----------------------------------------------------------------------------------
    -4.1   3.6     5   -16.8    12   695.2   0.0  25.0  ----  23.8     6       E

Max >=  27.0  0
Max <=   0.0 20
Min <=   0.0 26
Min <= -18.0  0
Max Rain: 13.7 on day 7
Days of Rain: 6 (>= 0.2 mm)  4 (>= 2.0 mm)  0 (>= 300.0 mm)
Heat Base: 17.0  Cool Base: 17.0  Method: Integration

Powered by Ecowitt HP2553  and   CumulusMX   v 3.21.1 (b3205)   MXUI Template v 2.2.3 by  Silver Acorn   (11.3)  Valid HTML5